{"id":15082,"date":"2025-09-20T15:47:56","date_gmt":"2025-09-20T15:47:56","guid":{"rendered":"https:\/\/b-ludenim.com\/?post_type=product&#038;p=15082"},"modified":"2026-01-06T17:32:55","modified_gmt":"2026-01-06T17:32:55","slug":"short-rigido-marron-ruedo-desflecado","status":"publish","type":"product","link":"https:\/\/b-ludenim.com\/?product=short-rigido-marron-ruedo-desflecado","title":{"rendered":"short r\u00edgido marr\u00f3n ruedo desflecado"},"content":{"rendered":"<p>short r\u00edgido marr\u00f3n ruedo desflecado<\/p>\n","protected":false},"excerpt":{"rendered":"<p>short r\u00edgido marr\u00f3n ruedo desflecado<\/p>\n","protected":false},"featured_media":15084,"comment_status":"open","ping_status":"closed","template":"","meta":{"_joinchat":[]},"product_brand":[],"product_cat":[70],"product_tag":[169],"class_list":{"0":"post-15082","1":"product","2":"type-product","3":"status-publish","4":"has-post-thumbnail","6":"product_cat-shorts","7":"product_tag-primavera-verano-2025-2026","9":"first","10":"instock","11":"shipping-taxable","12":"purchasable","13":"product-type-variable"},"aioseo_notices":[],"_links":{"self":[{"href":"https:\/\/b-ludenim.com\/index.php?rest_route=\/wp\/v2\/product\/15082","targetHints":{"allow":["GET"]}}],"collection":[{"href":"https:\/\/b-ludenim.com\/index.php?rest_route=\/wp\/v2\/product"}],"about":[{"href":"https:\/\/b-ludenim.com\/index.php?rest_route=\/wp\/v2\/types\/product"}],"replies":[{"embeddable":true,"href":"https:\/\/b-ludenim.com\/index.php?rest_route=%2Fwp%2Fv2%2Fcomments&post=15082"}],"wp:featuredmedia":[{"embeddable":true,"href":"https:\/\/b-ludenim.com\/index.php?rest_route=\/wp\/v2\/media\/15084"}],"wp:attachment":[{"href":"https:\/\/b-ludenim.com\/index.php?rest_route=%2Fwp%2Fv2%2Fmedia&parent=15082"}],"wp:term":[{"taxonomy":"product_brand","embeddable":true,"href":"https:\/\/b-ludenim.com\/index.php?rest_route=%2Fwp%2Fv2%2Fproduct_brand&post=15082"},{"taxonomy":"product_cat","embeddable":true,"href":"https:\/\/b-ludenim.com\/index.php?rest_route=%2Fwp%2Fv2%2Fproduct_cat&post=15082"},{"taxonomy":"product_tag","embeddable":true,"href":"https:\/\/b-ludenim.com\/index.php?rest_route=%2Fwp%2Fv2%2Fproduct_tag&post=15082"}],"curies":[{"name":"wp","href":"https:\/\/api.w.org\/{rel}","templated":true}]}}

short rígido marrón ruedo desflecado

<p>short rígido marrón ruedo desflecado</p>
