{"id":9218,"date":"2024-06-14T17:49:37","date_gmt":"2024-06-14T17:49:37","guid":{"rendered":"https:\/\/b-ludenim.com\/?post_type=product&#038;p=9218"},"modified":"2025-12-01T14:46:28","modified_gmt":"2025-12-01T14:46:28","slug":"bermuda-rigido-baggy-negro-matizado-localizado-tiro-caido-ruedo-normal","status":"publish","type":"product","link":"https:\/\/b-ludenim.com\/?product=bermuda-rigido-baggy-negro-matizado-localizado-tiro-caido-ruedo-normal","title":{"rendered":"Bermuda r\u00edgido baggy negro matizado localizado tiro ca\u00eddo ruedo normal"},"content":{"rendered":"<p>Bermuda r\u00edgido baggy negro matizado localizado tiro ca\u00eddo ruedo normal<\/p>\n","protected":false},"excerpt":{"rendered":"<p>Bermuda r\u00edgido baggy negro matizado localizado tiro ca\u00eddo ruedo normal<\/p>\n","protected":false},"featured_media":9224,"comment_status":"open","ping_status":"closed","template":"","meta":{"_joinchat":[]},"product_brand":[],"product_cat":[98],"product_tag":[132],"class_list":{"0":"post-9218","1":"product","2":"type-product","3":"status-publish","4":"has-post-thumbnail","6":"product_cat-bermuda","7":"product_tag-primavera-verano-2024","9":"first","10":"outofstock","11":"shipping-taxable","12":"purchasable","13":"product-type-variable"},"aioseo_notices":[],"_links":{"self":[{"href":"https:\/\/b-ludenim.com\/index.php?rest_route=\/wp\/v2\/product\/9218","targetHints":{"allow":["GET"]}}],"collection":[{"href":"https:\/\/b-ludenim.com\/index.php?rest_route=\/wp\/v2\/product"}],"about":[{"href":"https:\/\/b-ludenim.com\/index.php?rest_route=\/wp\/v2\/types\/product"}],"replies":[{"embeddable":true,"href":"https:\/\/b-ludenim.com\/index.php?rest_route=%2Fwp%2Fv2%2Fcomments&post=9218"}],"wp:featuredmedia":[{"embeddable":true,"href":"https:\/\/b-ludenim.com\/index.php?rest_route=\/wp\/v2\/media\/9224"}],"wp:attachment":[{"href":"https:\/\/b-ludenim.com\/index.php?rest_route=%2Fwp%2Fv2%2Fmedia&parent=9218"}],"wp:term":[{"taxonomy":"product_brand","embeddable":true,"href":"https:\/\/b-ludenim.com\/index.php?rest_route=%2Fwp%2Fv2%2Fproduct_brand&post=9218"},{"taxonomy":"product_cat","embeddable":true,"href":"https:\/\/b-ludenim.com\/index.php?rest_route=%2Fwp%2Fv2%2Fproduct_cat&post=9218"},{"taxonomy":"product_tag","embeddable":true,"href":"https:\/\/b-ludenim.com\/index.php?rest_route=%2Fwp%2Fv2%2Fproduct_tag&post=9218"}],"curies":[{"name":"wp","href":"https:\/\/api.w.org\/{rel}","templated":true}]}}